{"id":149,"date":"2021-12-13T10:59:47","date_gmt":"2021-12-13T10:59:47","guid":{"rendered":"https:\/\/www.pavelgrepl.cz\/?page_id=149"},"modified":"2024-04-23T17:11:42","modified_gmt":"2024-04-23T17:11:42","slug":"testovani-pro-tanecni-sport","status":"publish","type":"page","link":"https:\/\/www.pavelgrepl.cz\/index.php\/nabidka\/testovani-pro-tanecni-sport\/","title":{"rendered":"Tane\u010dn\u00ed sport"},"content":{"rendered":"<h1>Nab\u00eddka pro tane\u010dn\u00ed sport<\/h1>\n<ul>\n<li><strong>Anal\u00fdza tane\u010dn\u00edho v\u00fdkonu\u00a0<\/strong>&#8211; vyhodnocen\u00ed aktu\u00e1ln\u00ed v\u00fdkonnosti na z\u00e1klad\u011b odezvy srde\u010dn\u00ed frekvence, zp\u016fsob vyhodnocen\u00ed i m\u011b\u0159en\u00ed <strong>adaptov\u00e1n p\u0159\u00edmo pro sportovn\u00ed tanec.<\/strong><\/li>\n<\/ul>\n<p><i>Tane\u010dn\u00ed v\u00fdkon je velmi specifick\u00fdm zp\u016fsobem z\u00e1t\u011b\u017ee. Doposud neexistovaly cesty, kter\u00fdmi by se dalo ekonomicky sledovat vnit\u0159n\u00ed zat\u00ed\u017een\u00ed organismu p\u0159i sportovn\u00edm tanci. Pomoc\u00ed programu DanceSport Analyzer, kter\u00fd vznikl ve spolupr\u00e1ci s\u00a0m\u00fdm t\u00fdmem je mo\u017eno analyzovat fyziologick\u00e9 aspekty p\u0159\u00edmo b\u011bhem v\u00fdkonu. Krom\u011b vyhodnocen\u00ed zat\u00ed\u017een\u00ed v jednotliv\u00fdch tanc\u00edch lze vizualizovat variabilitu srde\u010dn\u00ed frekvence p\u0159\u00edmo ve video z\u00e1znamu, lze tak odhalit problematick\u00e9 pas\u00e1\u017ee nebo naopak subjektivn\u011b h\u016f\u0159e hodnocen\u00e9 \u00faseky, co se \u00fanavy t\u00fd\u010de. Je mo\u017en\u00e9 otestovat a\u017e 6 p\u00e1r\u016f najednou, p\u0159i\u010dem\u017e testov\u00e1n\u00ed netrv\u00e1 ani 45 minut.<\/i><\/p>\n<p><img loading=\"lazy\" decoding=\"async\" class=\"alignnone wp-image-106\" src=\"https:\/\/www.pavelgrepl.cz\/wp-content\/uploads\/2020\/01\/Graf_MikulasSventy-kopie-300x225.png\" alt=\"\" width=\"535\" height=\"401\" srcset=\"https:\/\/www.pavelgrepl.cz\/wp-content\/uploads\/2020\/01\/Graf_MikulasSventy-kopie-300x225.png 300w, https:\/\/www.pavelgrepl.cz\/wp-content\/uploads\/2020\/01\/Graf_MikulasSventy-kopie.png 640w\" sizes=\"auto, (max-width: 535px) 100vw, 535px\" \/><img loading=\"lazy\" decoding=\"async\" class=\"alignnone size-medium wp-image-111\" src=\"https:\/\/www.pavelgrepl.cz\/wp-content\/uploads\/2020\/01\/Sn\u00edmek-obrazovky-2020-01-02-v-9.31.30-295x300.png\" alt=\"\" width=\"295\" height=\"300\" srcset=\"https:\/\/www.pavelgrepl.cz\/wp-content\/uploads\/2020\/01\/Sn\u00edmek-obrazovky-2020-01-02-v-9.31.30-295x300.png 295w, https:\/\/www.pavelgrepl.cz\/wp-content\/uploads\/2020\/01\/Sn\u00edmek-obrazovky-2020-01-02-v-9.31.30.png 648w\" sizes=\"auto, (max-width: 295px) 100vw, 295px\" \/><\/p>\n<ul>\n<li><strong>P\u0159edn\u00e1\u0161ky pro kluby<\/strong><\/li>\n<\/ul>\n<p>Jako zku\u0161en\u00fd lektor, kter\u00fd m\u00e1 na sv\u00e9m kont\u011b nespo\u010det p\u0159edn\u00e1\u0161ek na kongresech \u010cesk\u00e9ho svazu tane\u010dn\u00edho sportu a pr\u00e1ci s n\u00e1rodn\u00edm t\u00fdmem, v\u00e1m nab\u00edz\u00edm unik\u00e1tn\u00ed p\u0159\u00edle\u017eitost prohloubit va\u0161e znalosti v oblastech kl\u00ed\u010dov\u00fdch pro ka\u017ed\u00e9ho tane\u010dn\u00edka a tren\u00e9ra. Vzd\u011bl\u00e1v\u00e1n\u00ed v oblasti v\u00fd\u017eivy, pr\u00e1ce s ml\u00e1de\u017e\u00ed a sportovn\u00edho tr\u00e9ninku je z\u00e1sadn\u00ed pro dosa\u017een\u00ed optim\u00e1ln\u00edho v\u00fdkonu a udr\u017een\u00ed zdrav\u00ed tane\u010dn\u00edk\u016f. Z\u00edskejte ucelen\u00fd pohled na to, jak spr\u00e1vn\u00e1 v\u00fd\u017eiva m\u016f\u017ee podpo\u0159it fyzickou kondici a regeneraci, jak efektivn\u011b pracovat s mlad\u00fdmi sportovci a rozv\u00edjet jejich talent, a jak inovativn\u00ed tr\u00e9ninkov\u00e9 metody mohou transformovat va\u0161e tane\u010dn\u00ed v\u00fdkony. Kontaktujte m\u011b a domluvte si p\u0159edn\u00e1\u0161ku pro v\u00e1\u0161 klub.<\/p>\n<p><img loading=\"lazy\" decoding=\"async\" class=\"alignnone size-medium wp-image-298\" src=\"https:\/\/www.pavelgrepl.cz\/wp-content\/uploads\/2024\/04\/50FE646A-88A0-40F3-B696-79AFC5099F43-e1713867392955-300x235.jpg\" alt=\"\" width=\"300\" height=\"235\" srcset=\"https:\/\/www.pavelgrepl.cz\/wp-content\/uploads\/2024\/04\/50FE646A-88A0-40F3-B696-79AFC5099F43-e1713867392955-300x235.jpg 300w, https:\/\/www.pavelgrepl.cz\/wp-content\/uploads\/2024\/04\/50FE646A-88A0-40F3-B696-79AFC5099F43-e1713867392955-1024x804.jpg 1024w, https:\/\/www.pavelgrepl.cz\/wp-content\/uploads\/2024\/04\/50FE646A-88A0-40F3-B696-79AFC5099F43-e1713867392955-768x603.jpg 768w, https:\/\/www.pavelgrepl.cz\/wp-content\/uploads\/2024\/04\/50FE646A-88A0-40F3-B696-79AFC5099F43-e1713867392955.jpg 1436w\" sizes=\"auto, (max-width: 300px) 100vw, 300px\" \/><\/p>\n<p>Uk\u00e1zka tvorby<\/p>\n<div class=\"epyt-video-wrapper\"><iframe loading=\"lazy\"  id=\"_ytid_95679\"  width=\"480\" height=\"270\"  data-origwidth=\"480\" data-origheight=\"270\" src=\"https:\/\/www.youtube.com\/embed\/EWRQ2HKA4do?enablejsapi=1&#038;autoplay=0&#038;cc_load_policy=0&#038;cc_lang_pref=&#038;iv_load_policy=1&#038;loop=0&#038;rel=1&#038;fs=1&#038;playsinline=0&#038;autohide=2&#038;theme=dark&#038;color=red&#038;controls=1&#038;disablekb=0&#038;\" class=\"__youtube_prefs__  epyt-is-override  no-lazyload\" title=\"YouTube player\"  allow=\"fullscreen; accelerometer; autoplay; clipboard-write; encrypted-media; gyroscope; picture-in-picture; web-share\" referrerpolicy=\"strict-origin-when-cross-origin\" allowfullscreen data-no-lazy=\"1\" data-skipgform_ajax_framebjll=\"\"><\/iframe><\/div>\n<ul>\n<li><strong>Komplexn\u00ed diagnostika a nastaven\u00ed kondi\u010dn\u00ed p\u0159\u00edpravy: Exkluzivn\u00ed nab\u00eddka pro \u0161pi\u010dkov\u00e9 tane\u010dn\u00ed p\u00e1ry<\/strong><\/li>\n<\/ul>\n<p>M\u00e1te jedine\u010dnou p\u0159\u00edle\u017eitost vyu\u017e\u00edt komplexn\u00ed diagnostiku a individu\u00e1ln\u011b p\u0159izp\u016fsoben\u00fd kondi\u010dn\u00ed program, kter\u00fd je p\u0159\u00edmo \u0161it\u00fd na m\u00edru va\u0161im pot\u0159eb\u00e1m. Jako odborn\u00edk s bohat\u00fdmi zku\u0161enostmi a vynikaj\u00edc\u00edmi referencemi nab\u00edz\u00edm slu\u017ebu, kter\u00e1 zahrnuje t\u0159\u00ed\u00farov\u0148ovou diagnostiku: za\u010d\u00edn\u00e1me ve fyziologick\u00e9 laborato\u0159i, kde posoud\u00edme funk\u010dn\u00ed str\u00e1nku va\u0161eho organismu, pokra\u010dujeme anal\u00fdzou na tane\u010dn\u00edm parketu, kde hodnot\u00edme specifika va\u0161eho zat\u00ed\u017een\u00ed p\u0159i tanci, a zavr\u0161\u00edme vy\u0161et\u0159en\u00edm fyzioterapeutem, kter\u00fd se zam\u011b\u0159\u00ed na funkci va\u0161eho svalov\u00e9ho apar\u00e1tu.<\/p>\n<p>Tato slu\u017eba je navr\u017eena tak, aby p\u0159esn\u011b odpov\u00eddala specifick\u00fdm pot\u0159eb\u00e1m a probl\u00e9m\u016fm tane\u010dn\u00edk\u016f na nejvy\u0161\u0161\u00ed \u00farovni. Umo\u017en\u00ed v\u00e1m nejen identifikovat slab\u00e1 m\u00edsta ve va\u0161\u00ed p\u0159\u00edprav\u011b, ale tak\u00e9 optimalizovat va\u0161i v\u00fdkonnost, minimalizovat riziko zran\u011bn\u00ed a maxim\u00e1ln\u011b vyu\u017e\u00edt v\u00e1\u0161 tane\u010dn\u00ed potenci\u00e1l. Vyu\u017eijte t\u00e9to p\u0159\u00edle\u017eitosti, abyste se stali je\u0161t\u011b lep\u0161\u00edmi ve sv\u00e9m um\u011bn\u00ed, a to v\u0161e pod veden\u00edm odborn\u00edka s prok\u00e1zan\u00fdmi v\u00fdsledky. Reference od top tane\u010dn\u00edch p\u00e1r\u016f, kter\u00e9 ji\u017e tuto slu\u017ebu vyu\u017eily, mluv\u00ed za v\u0161e.<\/p>\n<p><a href=\"https:\/\/www.instagram.com\/reel\/Cr0bh8LI0oY\/?utm_source=ig_web_copy_link&amp;igsh=MzRlODBiNWFlZA==\">Jak to prob\u00edh\u00e1 v laborato\u0159i?<\/a><\/p>\n<p><a href=\"https:\/\/www.instagram.com\/p\/CQYFAYilzY8\/?img_index=5\">Co m\u016f\u017eu o\u010dek\u00e1vat za v\u00fdsledek?<\/a><\/p>\n<p><strong>Ke sta\u017een\u00ed<\/strong><\/p>\n<p><a href=\"https:\/\/www.pavelgrepl.cz\/wp-content\/uploads\/2024\/04\/Silovy_trenink.pdf\">Silovy_trenink<\/a><\/p>\n<p><a href=\"https:\/\/www.pavelgrepl.cz\/index.php\/nabidka\/\">Zp\u011bt do nab\u00eddky slu\u017eeb<\/a><\/p>\n","protected":false},"excerpt":{"rendered":"<p>Nab\u00eddka pro tane\u010dn\u00ed sport Anal\u00fdza tane\u010dn\u00edho v\u00fdkonu\u00a0&#8211; vyhodnocen\u00ed aktu\u00e1ln\u00ed v\u00fdkonnosti na z\u00e1klad\u011b odezvy srde\u010dn\u00ed frekvence, zp\u016fsob vyhodnocen\u00ed i m\u011b\u0159en\u00ed adaptov\u00e1n [&hellip;]<\/p>\n","protected":false},"author":1,"featured_media":0,"parent":62,"menu_order":0,"comment_status":"closed","ping_status":"closed","template":"","meta":{"site-sidebar-layout":"default","site-content-layout":"","ast-site-content-layout":"default","site-content-style":"default","site-sidebar-style":"default","ast-global-header-display":"","ast-banner-title-visibility":"","ast-main-header-display":"","ast-hfb-above-header-display":"","ast-hfb-below-header-display":"","ast-hfb-mobile-header-display":"","site-post-title":"","ast-breadcrumbs-content":"","ast-featured-img":"","footer-sml-layout":"","theme-transparent-header-meta":"default","adv-header-id-meta":"","stick-header-meta":"","header-above-stick-meta":"","header-main-stick-meta":"","header-below-stick-meta":"","astra-migrate-meta-layouts":"set","ast-page-background-enabled":"default","ast-page-background-meta":{"desktop":{"background-color":"var(--ast-global-color-4)","background-image":"","background-repeat":"repeat","background-position":"center center","background-size":"auto","background-attachment":"scroll","background-type":"","background-media":"","overlay-type":"","overlay-color":"","overlay-gradient":""},"tablet":{"background-color":"","background-image":"","background-repeat":"repeat","background-position":"center center","background-size":"auto","background-attachment":"scroll","background-type":"","background-media":"","overlay-type":"","overlay-color":"","overlay-gradient":""},"mobile":{"background-color":"","background-image":"","background-repeat":"repeat","background-position":"center center","background-size":"auto","background-attachment":"scroll","background-type":"","background-media":"","overlay-type":"","overlay-color":"","overlay-gradient":""}},"ast-content-background-meta":{"desktop":{"background-color":"var(--ast-global-color-5)","background-image":"","background-repeat":"repeat","background-position":"center center","background-size":"auto","background-attachment":"scroll","background-type":"","background-media":"","overlay-type":"","overlay-color":"","overlay-gradient":""},"tablet":{"background-color":"var(--ast-global-color-5)","background-image":"","background-repeat":"repeat","background-position":"center center","background-size":"auto","background-attachment":"scroll","background-type":"","background-media":"","overlay-type":"","overlay-color":"","overlay-gradient":""},"mobile":{"background-color":"var(--ast-global-color-5)","background-image":"","background-repeat":"repeat","background-position":"center center","background-size":"auto","background-attachment":"scroll","background-type":"","background-media":"","overlay-type":"","overlay-color":"","overlay-gradient":""}},"footnotes":""},"class_list":["post-149","page","type-page","status-publish","hentry"],"_links":{"self":[{"href":"https:\/\/www.pavelgrepl.cz\/index.php\/wp-json\/wp\/v2\/pages\/149","targetHints":{"allow":["GET"]}}],"collection":[{"href":"https:\/\/www.pavelgrepl.cz\/index.php\/wp-json\/wp\/v2\/pages"}],"about":[{"href":"https:\/\/www.pavelgrepl.cz\/index.php\/wp-json\/wp\/v2\/types\/page"}],"author":[{"embeddable":true,"href":"https:\/\/www.pavelgrepl.cz\/index.php\/wp-json\/wp\/v2\/users\/1"}],"replies":[{"embeddable":true,"href":"https:\/\/www.pavelgrepl.cz\/index.php\/wp-json\/wp\/v2\/comments?post=149"}],"version-history":[{"count":7,"href":"https:\/\/www.pavelgrepl.cz\/index.php\/wp-json\/wp\/v2\/pages\/149\/revisions"}],"predecessor-version":[{"id":300,"href":"https:\/\/www.pavelgrepl.cz\/index.php\/wp-json\/wp\/v2\/pages\/149\/revisions\/300"}],"up":[{"embeddable":true,"href":"https:\/\/www.pavelgrepl.cz\/index.php\/wp-json\/wp\/v2\/pages\/62"}],"wp:attachment":[{"href":"https:\/\/www.pavelgrepl.cz\/index.php\/wp-json\/wp\/v2\/media?parent=149"}],"curies":[{"name":"wp","href":"https:\/\/api.w.org\/{rel}","templated":true}]}}